emainder when g is divided by 17?
14
Suppose -q + 4 = 2*h, 3*q - q - 6 = -2*h. Let y = q - -1. What is the remainder when 38/7 + -2*51/238 is divided by y?
2
Let s = 48 - 31. Suppose -37*l - s = -38*l. Calculate the remainder when l is divided by 7.
3
Let g(z) = -14*z - 147. Let m be g(-14). What is the remainder when 207/7 + (-28)/m is divided by 23?
6
Let l(t) = t**2 - 70*t - 1189. What is the remainder when 217 is divided by l(-15)?
45
Let i(v) = v - 2. Let z(p) = -15*p - 53. Let f(t) = 2*i(t) + z(t). Calculate the remainder when 8 is divided by f(-5).
0
Let x(q) = -q**2 - 2*q + 3. Let v be x(2). Let m(w) = -w + 4. Suppose 4*d = -16, 9*d = b + 4*d - 36. What is the remainder when b is divided by m(v)?
7
Suppose k + 37 = 4*k - 4*d, -d = -2*k + 18. Suppose 83*z - 84*z = -12. Calculate the remainder when z is divided by k.
5
Let m = -281 - -315. Suppose 5*k + 3*w - 205 = 0, -w + 253 - 38 = 5*k. Suppose 2*c = k + m. Calculate the remainder when c is divided by 14.
11
What is the remainder when 23136/40 + (-21)/15 is divided by 96?
1
Suppose -83*i - 73*i + 228757 = -65771. What is the remainder when i is divided by 1886?
2
Let w(a) = 5*a + 86. Let x be w(-15). Suppose -4*n + 840 = -5*i, 2*i - 3 + x = 0. What is the remainder when n is divided by 52?
49
Let z(a) = a**3 - a**2 + 59*a - 326. What is the remainder when 2412 is divided by z(5)?
66
Suppose 63*a = 71*a - 88. Suppose 0 = -a*p - 49 + 203. What is the remainder when 177 is divided by p?
9
Let f = -42 - -107. Suppose -3*t = 4*u - 337, 2*t - 2*u = 97 + 109. What is the remainder when t is divided by -30*((-26)/f)/(2/3)?
17
Let c = -15678 + 15780. Calculate the remainder when c is divided by 7.
4
Let r(z) be the first derivative of -2*z**2 - 34*z - 26. Calculate the remainder when 126 is divided by r(-14).
16
Let n = 68 + -74. Let t be (-1 - -12) + (n - -4) + 0. Suppose 3*d = -t, -3*w + 5*w - d = 63. What is the remainder when 54 is divided by w?
24
Let g(q) = q**2 - 15*q + 49. Let w be (-1*2)/(9/(-54)). Calculate the remainder when g(w) is divided by 11.
2
Suppose q = 6, -3*c + 6*c - 1338 = 3*q. What is the remainder when c is divided by 452?
0
Suppose 0*o - 10 = -o + 2*k, -3*o = -4*k - 34. Let i be (-6)/(-21) - (-1368)/o. Suppose -48 = -2*w + i. Calculate the remainder when w is divided by 19.
16
Let d(v) = -3*v + 9. Let l(o) = -15*o + 45. Let g(y) = 24*d(y) - 5*l(y). Let x(h) = -16*h + 63. Calculate the remainder when x(2) is divided by g(6).
4
Suppose -6*f + 59 = -145. Suppose 475 = 5*p + 3*y, p - 23*y - 95 = -26*y. Calculate the remainder when p is divided by f.
27
Let r(q) = -56*q + 343. Let t be r(6). Suppose 0 = -21*w + t*w + 490. Calculate the remainder when 241 is divided by w.
31
Suppose -16*p + 12*p - 1008 = 0. Let m = -732 - -712. Calculate the remainder when 87 is divided by p/m + 2/5.
9
Let s(n) = -n**3 - 9*n**2 + 9*n - 3. Let w be s(-9). Let t = w - -46. Let j = -4 - t. What is the remainder when 133 is divided by j?
31
Suppose -21*n - 30419 - 10102 = -34*n. What is the remainder when n is divided by 40?
37
Let o = 18975 - 18968. Calculate the remainder when 3187 is divided by o.
2
Suppose -217 = -2*r - 67. Suppose r*v = 82*v - 910. What is the remainder when v is divided by 15?
10
Let m be 1266/18 + (-1 - 2/(-3)). Let w = m - 64. Let l(s) = -s**3 - 2*s**2 + s + 3. What is the remainder when l(-3) is divided by w?
3
Suppose -4*w - 2*w = -342. Let m be ((3 + 27)/(-1))/1. Let f = m + w. What is the remainder when f is divided by 10?
7
Suppose 8*x - 4420 = -16*x - 28*x. Calculate the remainder when 180 is divided by x.
10
Let w(k) = -14*k - 145. Calculate the remainder when w(-24) is divided by 47.
3
Suppose 64 = z + 145*v - 141*v, 0 = 2*z - 2*v - 58. Calculate the remainder when z is divided by 19.
17
Let y = 95 + -91. Suppose -3*f - y*f + 343 = 0. Calculate the remainder when f is divided by 22.
5
Suppose -56 = -18*w + 4*w. Suppose -8 = -q - w*z, -4*q = q - 4*z - 136. Calculate the remainder when 74 is divided by q.
2
Suppose -3*j = -6*j + 693. Let c = 41871 - 41845. What is the remainder when j is divided by c?
23
Suppose 2*i + 17 - 43 = -k, -5*k + 4*i + 186 = 0. Suppose -3*v = 5*u - 26, -4*u + 8*u = 2*v + k. What is the remainder when 10 is divided by u?
3
Suppose -7*r - 177 - 567 = -193*r. What is the remainder when 149 is divided by r?
1
Let d = 17 + -9. Let i(v) = -2*v + 3*v + 3 + 13*v**2 - 3*v**2. What is the remainder when i(2) is divided by d?
5
Suppose -36*w = -5377 + 2029. Calculate the remainder when 9389 is divided by w.
89
Suppose 47*o - 1433 = 2241 + 4034. What is the remainder when 3105 is divided by o?
153
Let a be (-9)/15*-5 + 0 + 2. Suppose -a*b = 63 - 13. Let g(d) = d**2 + 9*d - 1. Calculate the remainder when 27 is divided by g(b).
0
Suppose -6 = 3*d, 3*d = -3*u + 5*u - 38. What is the remainder when -3 + (288 + -2)/22 - (-452)/2 is divided by u?
12
Let w be (0 - 0) + 173 - -2. Suppose 8*h = 3*h + w. Let u(f) = 5*f**2 - 34*f + 125. Calculate the remainder when u(4) is divided by h.
34
Let m(a) = a**3 - 5*a**2 - 83*a + 521. What is the remainder when 530 is divided by m(7)?
36
What is the remainder when 144/(-270)*-259 + 2/(-15) is divided by 108?
30
What is the remainder when 124 is divided by -3 - (-50)/18 - (-148)/18?
4
Let w(v) = 13*v**2 - 4*v - 2. Let n(z) = -z**3 - 25*z**2 + 6*z + 4. Let l(p) = 2*n(p) + 5*w(p). Calculate the remainder when l(4) is divided by 41.
37
Let k(i) = -2*i**2 - 10*i - 12. Let t(w) = -w**2 + w - 1. Let d(g) = -k(g) - 2*t(g). What is the remainder when 227 is divided by d(-4)?
43
Let f be (1 - (-13)/(-3)) + 4/(-6). Let a(k) = -3*k - 13. Let b be a(f). Let c(w) = -28*w**3 - 2*w**2 + 1. Calculate the remainder when 106 is divided by c(b).
25
Let m(n) = 5*n**2 + 33*n + 16. Let x(u) = 13*u**2 + 98*u + 47. Let d(q) = -8*m(q) + 3*x(q). Calculate the remainder when d(26) is divided by 33.
18
Let k = -7310 + 7930. Calculate the remainder when k is divided by 26.
22
What is the remainder when 592 is divided by -19 - (-11 - 28) - -56?
60
Let h = 5873 - 5822. Let b be (0 - 2) + 49/1. Suppose 54 = o - b. Calculate the remainder when o is divided by h.
50
Let l(a) = -13*a**2 + 6*a + 7. Let o(i) = 15*i**2 - 7*i - 7. Let f(x) = -5*l(x) - 4*o(x). Calculate the remainder when 50 is divided by f(-2).
16
Calculate the remainder when 923 is divided by (0/(-5) - -6) + 1118/13.
3
Let i be (-2)/3 - 352/(-33). Suppose -8*o - 5*f = -i*o + 220, 4*f = -3*o + 284. What is the remainder when o is divided by 53?
47
Let a = 18 - 25. What is the remainder when (2 + a - -6)*(1 - -136) is divided by 7?
4
Let u = 11924 + -11892. Let h be (-2)/(-7) - (-8)/(-28). Suppose -n + 57 = w - 103, 5*n - 4*w - 782 = h. Calculate the remainder when n is divided by u.
30
Let c(d) = -2*d**2 + 59*d - 91. Calculate the remainder when 436 is divided by c(23).
20
Suppose 4*o + 16 = 0, 12 = -i + o - 4*o. Suppose i*a + 36 = 5*a - 2*t, -27 = -5*a - t. What is the remainder when 29 is divided by a?
5
Let o(f) = 886*f + 1817. Calculate the remainder when 2422 is divided by o(-2).
37
Let z(a) = -3*a**3 + 14*a**2 + 3*a + 14. What is the remainder when 439 is divided by z(5)?
3
Let z = 46 + -40. Suppose -h = -z*h + 10. Suppose 0 = 2*u + 5*t - 10, u - 5 = -2*t + h. Calculate the remainder when 29 is divided by u.
14
Let d = 625 + -255. Let s = -2669 - -2744. What is the remainder when d is divided by s?
70
Suppose 5 = -2*d + s + 38, -2*d + 5*s + 37 = 0. What is the remainder when 373 is divided by d?
5
Let o be (-4 - (-345)/(-6))*(-16)/(-6). Let w = o + 188. What is the remainder when 46 is divided by w?
22
Let o be (12 - (-342)/(-27))/(1/(-6)). Suppose 0 = -0*p - p + 5, 0 = 3*j - o*p - 472. What is the remainder when j is divided by 46?
26
Let w = -2671 - -3011. Calculate the remainder when w is divided by 112.
4
Suppose 0 = 2*q + z - 18, 22 = -3*q + 7*q - 5*z. Suppose q*j = 236 - 92. Calculate the remainder when 63 is divided by j.
9
Let l be (-24)/(-9)*48/32. Suppose 2*k - 80 = 4*u, k - l*k = -5*u - 118. Calculate the remainder when k is divided by 12.
0
Suppose 2*c - 5*f = 321, 177*c = 173*c + f + 561. Let u = 75 - 28. What is the remainder when c is divided by u?
44
Let j(o) = -16*o - 181. Let g be j(-16). Suppose g = -14*k + 873. Suppose 2*z - 17 = 13. What is the remainder when 